(z).
7
Let k be 64/(-30) - 60/(-450). Let z(y) = -y**2 - 3. Give z(k).
-7
Let r(u) = -u**3 - 6*u**2 - 2*u + 1. Let k be 3 + -1 + -53 + 1. Let o = k - -44. Determine r(o).
13
Suppose 2*z = 3*o + 2*o + 28, 0 = 3*o - 2*z + 16. Let h(w) = -2*w - 3. Determine h(o).
9
Suppose 16*s - 1 = 20*s - 3*u, 20 = 4*s + 4*u. Let c(b) = -2*b**2 + b - 1. Let k(y) = -y + 1. Let v(f) = c(f) - 2*k(f). Determine v(s).
-5
Let h(g) = -3*g**3 - 31*g**2 + 8*g + 9. Let q(c) = -c**3 - 14*c**2 + 4*c + 4. Let j(k) = -2*h(k) + 5*q(k). What is j(6)?
-46
Let u(n) = -n**3 + 5*n**2 + 3*n - 4. Let r be 5/20 + (-266)/(-56). Calculate u(r).
11
Let v(a) = -5705*a + 37*a**2 - 12 - 36*a**2 + 5706*a. What is v(0)?
-12
Suppose 19 - 3 = 8*t. Let k(y) be the first derivative of -1/3*y**3 - t - y + 5/2*y**2. Determine k(6).
-7
Let r(k) be the third derivative of -k**4/24 - k**3/6 + k**2. Let p(t) = -12*t + 167. Let j be p(14). Give r(j).
0
Suppose 3*t - 5*t = 2*u - 6, 1 = 3*u - 5*t. Let c = 20 - 23. Let n(h) = -h - 4. Let m(l) = -2*l - 5. Let a(f) = c*n(f) + u*m(f). Calculate a(-3).
5
Let h(f) = -7*f**3 + 2*f**2 + 2. Suppose 4*u - 5*v = -13, 5*u - 14 + 21 = -3*v. Give h(u).
66
Let y(a) = a**2 - a - 26. Let m = 1881 + -1875. What is y(m)?
4
Let z = 183 + -183. Let y be 9/(1/2 + 1). Let b(d) = -d + 0*d - y - 2 + 4. Determine b(z).
-4
Let v(b) be the first derivative of b**4/4 + 2*b**3/3 + 21*b**2/2 - 8. Let u(s) be the second derivative of v(s). What is u(-4)?
-20
Let k(d) = -3*d**2 - 13*d - 20. Let j = 950 - 952. Determine k(j).
-6
Let i(x) = -x**3 + 12*x**2 + 2*x. Let v(b) = -3*b**3 + 35*b**2 + 5*b - 1. Let q(n) = -8*i(n) + 3*v(n). Calculate q(9).
-12
Let s(j) be the first derivative of 5 - 1/4*j**4 - 6*j + 2*j**2 + j**3. Let t = 3 - -1. Determine s(t).
-6
Let t(u) = -u**3 - u**2 + u - 7. Let s be (-10)/(-35) - (-4)/(-14). Let j be t(s). Let a = j + 6. Let k(o) = -o**2 - o + 1. Give k(a).
1
Let x(v) be the third derivative of -v**6/120 + 23*v**5/60 + 17*v**4/8 - 4*v**3 - 13*v**2 + 18*v. Calculate x(25).
1
Let i(g) = 5*g - 6. Let p(l) = l**2 - 11*l + 13. Suppose 0 = -4*a + 12. Let j = a - -1. Let t(f) = j*p(f) + 9*i(f). Calculate t(-2).
12
Suppose 6 = -3*a + 3*h, 4*a = -2*h - 13 - 19. Let m(o) = o**3 + 6*o**2 - 2*o - 7. Determine m(a).
5
Let u(l) = 5*l**3 + l**2 - 1. Let m be 38/(-19)*(-1)/(-2). What is u(m)?
-5
Let b(u) = -2*u**3 - 4*u**2 + 3*u + 2. Let x(t) = 5*t**3 + 9*t**2 - 7*t - 6. Let r(d) = -7*b(d) - 3*x(d). Give r(-3).
40
Let z(k) = -k + 5. Suppose -3*g + 352 = -4*h, 2*h = -5*g - h + 606. Let i be 6/(-21) + g/28. Calculate z(i).
1
Let w(r) be the first derivative of r**6/180 + r**5/120 - 19*r**3/3 + 9. Let o(x) be the third derivative of w(x). Determine o(2).
10
Let y(i) be the second derivative of -i**5/20 - 2*i**4/3 + i**3/3 + 6*i**2 - 8*i. Calculate y(-8).
-4
Let k be ((-14)/(-56))/((-1)/4). Let m(c) = -5*c - 1. What is m(k)?
4
Let f(a) be the third derivative of -13*a**5/60 - 231*a**2. Calculate f(1).
-13
Let k(l) = l**2 + 6*l + 4. Suppose -6*o = -5*o + 4. What is k(o)?
-4
Let r(v) be the first derivative of 5*v**2/2 + 6*v - 14. Determine r(-2).
-4
Let r(q) = -q**2 + 4*q. Let u = -192 - -194. Determine r(u).
4
Let d(k) = 136*k - 5. Let w(u) = -91*u + 3. Let n(t) = 5*d(t) + 8*w(t). Calculate n(-1).
47
Let s(d) = -4*d + 4*d + 3 - d + 4. Let i = 8 + -8. Suppose i*n = 5*n. What is s(n)?
7
Let r(w) be the second derivative of w**4/12 - w**3/6 - 5*w**2/2 - 103*w. Give r(3).
1
Let v(y) = -2*y. Let m(b) = b**2 + 16*b - 15. Let t be m(-17). Suppose 0 = -t*f - 5*w + 14, 2*w = -f + 3*f. Let i be f + ((-56)/(-4))/(-2). Calculate v(i).
10
Let c(k) = 2 + 8 + 0*k + 4*k - 10. Give c(-1).
-4
Let j = -3 + 5. Let c(l) = -l**2 + 7*l + 21. Let s be c(9). Let q(f) = -f**3 - 698*f**2 + 2*f**s - 1 + 698*f**2. Determine q(j).
7
Let n(d) = -d**3 - 2*d**2 + 1. Let y = -217 + 218. Determine n(y).
-2
Suppose 7 + 5 = -2*q. Let t be 118/8 + 0 - (-3)/12. Let f(x) = 11*x - 27*x + t*x - 9. What is f(q)?
-3
Let n(z) be the second derivative of -1/12*z**4 + 25*z - z**3 + 3*z**2 + 0. What is n(-8)?
-10
Let a(i) = i + 4. Suppose 1 = -2*w - 1. Let n be 40/(-20) + w*4. Let h be a(n). Let k(s) = -2*s**2 + 2*s + 2. Give k(h).
-10
Suppose 0 = -4*x - h - 67, -4*h + 52 = -4*x - 0*h. Let c(m) = m + 20. Let u be c(x). Let b(s) be the second derivative of s**3/6 + s**2/2 - 2*s. Give b(u).
5
Let d(l) = -15*l**2 - 4*l - 5 + 16*l**2 - 3 + 7. Suppose -3*u + a = 5*a - 17, -23 = -5*u - 4*a. Calculate d(u).
-4
Let b(m) = -2*m**3 + 2*m**2 + m. Let g be ((-1 - -2) + 0 + 0)/1. Suppose -2*x + 3 + g = 0. Give b(x).
-6
Let x(f) = -66*f**2 - 198*f - 2. Let v be x(-3). Let m(o) = -o**2 - o + 1. Give m(v).
-1
Let x(n) be the second derivative of -n**6/90 + n**4/24 + 13*n**3/6 + 12*n. Let b(p) be the second derivative of x(p). Calculate b(1).
-3
Let y(n) = -n. Let i(r) = 10*r - 6. Suppose -7 + 2 = 5*k. Let t(v) = k*i(v) - 6*y(v). Suppose 5*l + 90 = 20*l. Determine t(l).
-18
Let l = 286 - 301. Let y(r) = -r - 18. Determine y(l).
-3
Let u = 232 + -225. Let i(q) = q - 10. What is i(u)?
-3
Suppose -516 = -6*s - 516. Let p(z) be the third derivative of -z**5/60 - z**4/24 - z**3/6 - z**2. Calculate p(s).
-1
Suppose -11 - 16 = -3*h. Suppose -p + 5*k + 4 = 0, 5*p + 5*k + h = p. Let r(w) = -4*w**2 + 6*w. Let g(f) = f. Let y(a) = -6*g(a) + r(a). What is y(p)?
-4
Let j = 2 - 51. Let s = j + 45. Let z(k) = k**3 + 3*k**2 - 4*k - 4. What is z(s)?
-4
Let a(r) = -3*r - 1. Let c(m) = -6*m + 46. Let z be c(7). Give a(z).
-13
Let f(c) = -c + 5. Let b = -12 + 15. Suppose -t + b*t = 10. Determine f(t).
0
Let v = 33 + -30. Let h(g) = g - 6. Let p be h(v). Let x(o) = 3*o + 3. Calculate x(p).
-6
Let a = 35 + -33. Let y(m) = 8*m**a + 7*m**2 + 4 + 5*m - 16*m**2. Give y(5).
4
Let l(z) = z**2 - 13*z + 17. Let n = 293 - 281. Give l(n).
5
Suppose t + 4*t = 10. Let w(k) be the second derivative of -k + k**2 - 2/3*k**3 + 0. Calculate w(t).
-6
Let g(s) = s - 4. Let o(r) = -r**3 - 7*r**2 - 3*r + 2. Let w be o(-6). Calculate g(w).
-20
Let o = 1 - 4. Let z be (4/o)/(2/(-6)). Let a(u) = -3 - 2*u - 1 + 3 - z*u**2. Determine a(-2).
-13
Let t(d) = -d**3 - 10*d**2 + d + 4. Let n be t(-10). Let a(v) = 7*v**2 + 4. Let p(x) = -15*x**2 - 9. Let c(u) = n*p(u) - 13*a(u). Let k = 6 - 4. What is c(k)?
-2
Let a(f) = -29*f + 74*f - 25*f - 26*f + f**2 + 7. Suppose j + 2 = -2*m, m + 5*j + 10 = 4*m. Suppose 5*x = -10, -t + 10 + m = -2*x. Calculate a(t).
7
Let i = 33 - 22. Suppose 0 = i*x - 6*x - 25. Let d(k) = k**3 - 5*k**2 - 2. What is d(x)?
-2
Let n(b) = -b - 2. Let r be 0 - 42/(-10) - 1/5. Let i(z) = -2*z - 5. Let f(h) = r*i(h) - 9*n(h). What is f(5)?
3
Let l be -13 + 5 + 11 + -6. Let b(r) = r + 3. Calculate b(l).
0
Suppose -2*z - 34 = 4*a, 0 = 8*a - 9*a - 2*z - 13. Let p(u) be the second derivative of -u**4/12 - 4*u**3/3 - 7*u**2/2 + u. Calculate p(a).
0
Let v(j) = -56*j - 343. Let z be v(-6). Let l(q) = 4*q + 16. What is l(z)?
-12
Let p be -3*(-4 - -3 - 0). Let o(b) be the second derivative of -b**4/12 + 2*b**3/3 - b**2/2 + 21*b. Calculate o(p).
2
Let c(k) = -5*k**2 + 2*k + 5. Let x be (4/6)/(2/15). Let j(d) = -6*d**2 + 3*d + 6. Let s(v) = x*c(v) - 4*j(v). Give s(2).
-7
Let y(p) = -p**2 - 2*p + 7. Let a(f) = 2*f**2 + f - 14. Let u(m) = -3*a(m) - 5*y(m). What is u(10)?
-23
Let h(c) = c + 6. Let d(l) = 2*l - 8. Let p(v) = -2*v - 11. Let f be p(-14). Let w be d(f). Let n = w - 29. What is h(n)?
3
Let k(h) = -36*h - 1. Let s(o) = o**2 - 12*o + 19. Let q be s(10). Calculate k(q).
35
Suppose -5*o = -4*v - 7, 4*v - 18 = 3*o - 27. Let y(n) = -20*n**3 - 2*n**2 - 3*n - 2. Determine y(o).
19
Let o(m) be the second derivative of 1/12*m**4 - 2*m**2 + 1/6*m**3 + 0 + 13*m. Give o(0).
-4
Let v(m) = 4*m**2 + 12*m - 13. Let w(p) = -p**2. Let o(t) = -2*t + 1. Let y be o(-2). Let g(q) = y*w(q) + v(q). Determine g(10).
7
Let m(h) = -2*h**3 + h**2. Let f(y) = -3*y**3 - 4*y**2 - 11. Let r(v) = 10*v**3 + 12*v**2 - v + 34. Let a(d) = -7*f(d) - 2*r(d). Let j be a(-4). What is m(j)?
-1
Let i(l) = -l**2 + 4*l - 1. Let s(r) = 3*r**2 - 2*r. Let z be s(-1). Suppose -6*c = -4*k - 4*c + 26, 3*k + z*c = 0. Determine i(k).
-6
Let g(m) = m**2 + 6*m + 5. Let h = 237 + -243. What is g(h)?
5
Let s(v) = -2*v**3 - 1 - v + 2 + 6*v**3 - 2*v**3 - v**2. Let x be s(1). Suppose 15 = -5*k + 2*d, 3*d + 13 = -4*k + x. Let j(u) = -u +